{"id":20,"date":"2015-07-30T10:40:53","date_gmt":"2015-07-30T10:40:53","guid":{"rendered":"http:\/\/www.lehrter-tafel.de\/wordpress\/?page_id=20"},"modified":"2020-12-30T19:05:42","modified_gmt":"2020-12-30T19:05:42","slug":"fuer-tafel-kunden","status":"publish","type":"page","link":"https:\/\/www.lehrter-tafel.de\/wordpress\/fuer-tafel-kunden\/","title":{"rendered":"F\u00fcr Tafel-G\u00e4ste"},"content":{"rendered":"<div id=\"fb-root\"><\/div>\n<p><span style=\"font-family: verdana,geneva,sans-serif; font-size: 20px;\"><strong>F\u00fcr Tafel-G\u00e4ste<\/strong><\/span><\/p>\n<p><span style=\"font-family: verdana,geneva,sans-serif; font-size: 14px;\"><strong>Das Angebot<\/strong> der Lehrter Tafel\u00a0kann von jedem vollj\u00e4hrigen Lehrter B\u00fcrger in Anspruch genommen werden, der<\/span><\/p>\n<ul>\n<li><span style=\"font-family: verdana,geneva,sans-serif; font-size: 14px;\">einen Arbeitslosengeldbescheid II (Hartz IV),<\/span><\/li>\n<li><span style=\"font-family: verdana,geneva,sans-serif; font-size: 14px;\">oder einen Sozialhilfebescheid,<\/span><\/li>\n<li><span style=\"font-family: verdana,geneva,sans-serif; font-size: 14px;\">oder einen Grundsicherungsbescheid,<\/span><\/li>\n<li><span style=\"font-family: verdana,geneva,sans-serif; font-size: 14px;\">oder einen Bescheid \u00fcber Leistungen nach dem Asylgesetz,<\/span><\/li>\n<li><span style=\"font-family: verdana,geneva,sans-serif; font-size: 14px;\">oder einen Wohngeldbescheid<\/span><\/li>\n<li><span style=\"font-family: verdana,geneva,sans-serif; font-size: 14px;\">oder einen BAF\u00d6G-Bescheid<\/span><\/li>\n<\/ul>\n<p><span style=\"font-family: verdana,geneva,sans-serif; font-size: 14px;\">vorlegen kann.<\/span><\/p>\n<p><span style=\"font-family: verdana,geneva,sans-serif; font-size: 14px;\">F\u00fcr diesen Personenkreis stellen wir <strong>bei Vorlage einer der o.g. Bescheide sowie des Personalausweises oder Passes einen Tafelausweis aus.<\/strong> Der Tafelgast w\u00e4hlt einen Ausgabetag in der Woche.<\/span><\/p>\n<p><span style=\"font-family: verdana,geneva,sans-serif; font-size: 14px;\"><strong>Ausgabestelle<\/strong><\/span><br \/>\n<span style=\"font-size: 14px; font-family: verdana,geneva,sans-serif;\">Die Lehrter Tafel hat in der <strong>Gartenstr. 6a \/ 6b<\/strong> ihre Ausgabestelle.<\/span><\/p>\n<p><span style=\"font-size: 14px; font-family: verdana,geneva,sans-serif;\"><strong>Dort findet jeden Dienstag in der Zeit von 11.00 &#8211; 13.00 Uhr auch die Registrierung von Neukunden statt.<\/strong><\/span><\/p>\n<p><span style=\"font-size: 14px; font-family: verdana,geneva,sans-serif;\">Telefonisch k\u00f6nnen Sie uns an den Ausgabetagen unter 05132 \/ 8309896 erreichen.<\/span><\/p>\n<div class=\"csc-textpic csc-textpic-center csc-textpic-below\">\n<div class=\"csc-textpic-text\">\n<p><span style=\"font-family: verdana,geneva,sans-serif; font-size: 14px;\"><a href=\"https:\/\/www.lehrter-tafel.de\/wordpress\/wp-content\/uploads\/2015\/08\/Tafel-Gartenstr.1.jpg\"><img loading=\"lazy\" decoding=\"async\" class=\"alignnone size-medium wp-image-139\" src=\"https:\/\/www.lehrter-tafel.de\/wordpress\/wp-content\/uploads\/2015\/08\/Tafel-Gartenstr.1-300x212.jpg\" alt=\"Tafel Gartenstr.\" width=\"300\" height=\"212\" srcset=\"https:\/\/www.lehrter-tafel.de\/wordpress\/wp-content\/uploads\/2015\/08\/Tafel-Gartenstr.1-300x212.jpg 300w, https:\/\/www.lehrter-tafel.de\/wordpress\/wp-content\/uploads\/2015\/08\/Tafel-Gartenstr.1.jpg 1024w\" sizes=\"auto, (max-width: 300px) 100vw, 300px\" \/><\/a><\/span><\/p>\n<\/div>\n<\/div>\n","protected":false},"excerpt":{"rendered":"<p>F\u00fcr Tafel-G\u00e4ste Das Angebot der Lehrter Tafel\u00a0kann von jedem vollj\u00e4hrigen Lehrter B\u00fcrger in Anspruch genommen werden, der einen Arbeitslosengeldbescheid II (Hartz IV), oder einen Sozialhilfebescheid, oder einen Grundsicherungsbescheid, oder einen Bescheid \u00fcber Leistungen nach dem Asylgesetz, oder einen Wohngeldbescheid oder einen BAF\u00d6G-Bescheid vorlegen kann. F\u00fcr diesen Personenkreis stellen wir bei Vorlage einer der o.g. Bescheide [&hellip;]<\/p>\n","protected":false},"author":2,"featured_media":0,"parent":0,"menu_order":0,"comment_status":"closed","ping_status":"closed","template":"","meta":{"rop_custom_images_group":[],"rop_custom_messages_group":[],"rop_publish_now":"initial","rop_publish_now_accounts":[],"rop_publish_now_history":[],"rop_publish_now_status":"pending","footnotes":""},"class_list":["post-20","page","type-page","status-publish","hentry"],"wppr_data":{"cwp_meta_box_check":"No","cwp_rev_product_name":"","cwp_rev_product_image":"","cwp_image_link":"image","cwp_rev_price":""},"_links":{"self":[{"href":"https:\/\/www.lehrter-tafel.de\/wordpress\/wp-json\/wp\/v2\/pages\/20","targetHints":{"allow":["GET"]}}],"collection":[{"href":"https:\/\/www.lehrter-tafel.de\/wordpress\/wp-json\/wp\/v2\/pages"}],"about":[{"href":"https:\/\/www.lehrter-tafel.de\/wordpress\/wp-json\/wp\/v2\/types\/page"}],"author":[{"embeddable":true,"href":"https:\/\/www.lehrter-tafel.de\/wordpress\/wp-json\/wp\/v2\/users\/2"}],"replies":[{"embeddable":true,"href":"https:\/\/www.lehrter-tafel.de\/wordpress\/wp-json\/wp\/v2\/comments?post=20"}],"version-history":[{"count":9,"href":"https:\/\/www.lehrter-tafel.de\/wordpress\/wp-json\/wp\/v2\/pages\/20\/revisions"}],"predecessor-version":[{"id":1664,"href":"https:\/\/www.lehrter-tafel.de\/wordpress\/wp-json\/wp\/v2\/pages\/20\/revisions\/1664"}],"wp:attachment":[{"href":"https:\/\/www.lehrter-tafel.de\/wordpress\/wp-json\/wp\/v2\/media?parent=20"}],"curies":[{"name":"wp","href":"https:\/\/api.w.org\/{rel}","templated":true}]}}

Für Tafel-Gäste

<div id="fb-root"></div>
<p><span style="font-family: verdana,geneva,sans-serif; font-size: 20px;"><strong>Für Tafel-Gäste</strong></span></p>
<p><span style="font-family: verdana,geneva,sans-serif; font-size: 14px;"><strong>Das Angebot</strong> der Lehrter Tafel kann von jedem volljährigen Lehrter Bürger in Anspruch genommen werden, der</span></p>
<ul>
<li><span style="font-family: verdana,geneva,sans-serif; font-size: 14px;">einen Arbeitslosengeldbescheid II (Hartz IV),</span></li>
<li><span style="font-family: verdana,geneva,sans-serif; font-size: 14px;">oder einen Sozialhilfebescheid,</span></li>
<li><span style="font-family: verdana,geneva,sans-serif; font-size: 14px;">oder einen Grundsicherungsbescheid,</span></li>
<li><span style="font-family: verdana,geneva,sans-serif; font-size: 14px;">oder einen Bescheid über Leistungen nach dem Asylgesetz,</span></li>
<li><span style="font-family: verdana,geneva,sans-serif; font-size: 14px;">oder einen Wohngeldbescheid</span></li>
<li><span style="font-family: verdana,geneva,sans-serif; font-size: 14px;">oder einen BAFÖG-Bescheid</span></li>
</ul>
<p><span style="font-family: verdana,geneva,sans-serif; font-size: 14px;">vorlegen kann.</span></p>
<p><span style="font-family: verdana,geneva,sans-serif; font-size: 14px;">Für diesen Personenkreis stellen wir <strong>bei Vorlage einer der o.g. Bescheide sowie des Personalausweises oder Passes einen Tafelausweis aus.</strong> Der Tafelgast wählt einen Ausgabetag in der Woche.</span></p>
<p><span style="font-family: verdana,geneva,sans-serif; font-size: 14px;"><strong>Ausgabestelle</strong></span><br />
<span style="font-size: 14px; font-family: verdana,geneva,sans-serif;">Die Lehrter Tafel hat in der <strong>Gartenstr. 6a / 6b</strong> ihre Ausgabestelle.</span></p>
<p><span style="font-size: 14px; font-family: verdana,geneva,sans-serif;"><strong>Dort findet jeden Dienstag in der Zeit von 11.00 &#8211; 13.00 Uhr auch die Registrierung von Neukunden statt.</strong></span></p>
<p><span style="font-size: 14px; font-family: verdana,geneva,sans-serif;">Telefonisch können Sie uns an den Ausgabetagen unter 05132 / 8309896 erreichen.</span></p>
<div class="csc-textpic csc-textpic-center csc-textpic-below">
<div class="csc-textpic-text">
<p><span style="font-family: verdana,geneva,sans-serif; font-size: 14px;"><a href="https://www.lehrter-tafel.de/wordpress/wp-content/uploads/2015/08/Tafel-Gartenstr.1.jpg"><img loading="lazy" decoding="async" class="alignnone size-medium wp-image-139" src="https://www.lehrter-tafel.de/wordpress/wp-content/uploads/2015/08/Tafel-Gartenstr.1-300x212.jpg" alt="Tafel Gartenstr." width="300" height="212" srcset="https://www.lehrter-tafel.de/wordpress/wp-content/uploads/2015/08/Tafel-Gartenstr.1-300x212.jpg 300w, https://www.lehrter-tafel.de/wordpress/wp-content/uploads/2015/08/Tafel-Gartenstr.1.jpg 1024w" sizes="auto, (max-width: 300px) 100vw, 300px" /></a></span></p>
</div>
</div>

<p>Für Tafel-Gäste Das Angebot der Lehrter Tafel kann von jedem volljährigen Lehrter Bürger in Anspruch genommen werden, der einen Arbeitslosengeldbescheid II (Hartz IV), oder einen Sozialhilfebescheid, oder einen Grundsicherungsbescheid, oder einen Bescheid über Leistungen nach dem Asylgesetz, oder einen Wohngeldbescheid oder einen BAFÖG-Bescheid vorlegen kann. Für diesen Personenkreis stellen wir bei Vorlage einer der o.g. Bescheide [&hellip;]</p>
