{"id":172,"date":"2015-08-10T15:26:58","date_gmt":"2015-08-10T15:26:58","guid":{"rendered":"http:\/\/www.lehrter-tafel.de\/wordpress\/?page_id=172"},"modified":"2019-01-26T09:26:38","modified_gmt":"2019-01-26T09:26:38","slug":"historie-2006-bis-2015","status":"publish","type":"page","link":"https:\/\/www.lehrter-tafel.de\/wordpress\/ueber-uns\/historie-2006-bis-2015\/","title":{"rendered":"Historie 2006 bis 2018"},"content":{"rendered":"<div id=\"fb-root\"><\/div>\n<p><span style=\"font-family: verdana,geneva,sans-serif; font-size: 20px;\"><strong>Historie 2006 bis 2018<\/strong><\/span><\/p>\n<p><span style=\"font-size: 14px; font-family: verdana,geneva,sans-serif;\"><strong>2006<\/strong><\/span><br \/>\n<span style=\"font-size: 14px; font-family: verdana,geneva,sans-serif;\"> Die Initiative zur Gr\u00fcndung einer Tafel ging von Herrn Wilhelm Nieschlag aus, der im Jahre 2006 erste Gespr\u00e4che mit dem 1. Stadtrat der Stadt Lehrte, Herrn Bee f\u00fchrte und von diesem auch intensiv unterst\u00fctzt wurde.<\/span><br \/>\n<span style=\"font-size: 14px; font-family: verdana,geneva,sans-serif;\"> Das Deutsche Rote Kreuz, Ortsverein Lehrte e.V. \u00fcbernahm die Tr\u00e4gerschaft der Lehrter Tafel, es brauchte daher kein eigener Verein gegr\u00fcndet wurden. Durch diese Anbindung kann die Lehrter Tafel auch das B\u00fcro im DRK Geb\u00e4ude in der Ringstra\u00dfe mit nutzen. Sp\u00e4ter auch Garagen und ein kleines Kellerlager.<\/span><br \/>\n<span style=\"font-size: 14px; font-family: verdana,geneva,sans-serif;\"> Die Stadt Lehrte stellte R\u00e4umlichkeiten in der Gartenstrasse 6 a zur Verf\u00fcgung, die seit dieser Zeit kosteng\u00fcnstig angemietet werden.<\/span><br \/>\n<span style=\"font-size: 14px; font-family: verdana,geneva,sans-serif;\"> <strong><br \/>\n2007<br \/>\n<\/strong>Dank dem gro\u00dfen Engagement von \u00fcber 60 ehrenamtlichen Helferinnen und Helfern konnte die Lehrter Tafel am 28.07.2007 das erste Mal mit der Lebensmittelausgabe starten.<\/span><br \/>\n<span style=\"font-size: 14px; font-family: verdana,geneva,sans-serif;\"> Herr Mei\u00dfner und Frau Jutta Meyer wurden vom DRK Ortsverein als Tafelleiter, bzw. Stellvertreterin bestellt.<\/span><br \/>\n<span style=\"font-size: 14px; font-family: verdana,geneva,sans-serif;\"> 19 Sponsoren (Firmen und Privatleute) spendeten Lebensmittel, 150 Menschen konnten somit samstags versorgt werden.<\/span><br \/>\n<span style=\"font-size: 14px; font-family: verdana,geneva,sans-serif;\"> Schon bald wuchs die Anzahl der berechtigten Menschen, wie aber auch die Anzahl der Sponsoren.<br \/>\nAuch finanzielle Spenden begannen zu flie\u00dfen.<\/span><br \/>\n<span style=\"font-size: 14px; font-family: verdana,geneva,sans-serif;\"> <strong><br \/>\n2008<br \/>\n<\/strong>In 2008 konnte nun schon ein eigenes K\u00fchlfahrzeug angeschafft werden. In den R\u00e4umen der Gartenstrasse wurde eine K\u00fchlzelle eingebaut.<\/span><br \/>\n<span style=\"font-size: 14px; font-family: verdana,geneva,sans-serif;\"> Als Spender sind neben anderen zu nennen der \u00f6rtliche LIONs Club, die Stiftunglife Celle, die Volksbank Lehrte eG sowie die Lidl-Pfandstiftung.<\/span><br \/>\n<span style=\"font-size: 14px; font-family: verdana,geneva,sans-serif;\"> Im April wurde ein 2. Ausgabetag notwendig, neben dem Samstag wurden nun auch am Mittwoch Lebensmittel ausgegeben.<\/span><br \/>\n<span style=\"font-size: 14px; font-family: verdana,geneva,sans-serif;\"> <strong><br \/>\n2009<\/strong><\/span><br \/>\n<span style=\"font-size: 14px; font-family: verdana,geneva,sans-serif;\"> Nach Ver\u00e4nderungen im Bereich der Tafelleitung wurde ab Anfang 2009 Frau Jutta Meyer als Leiterin und Frau Brigitte Leverentz als Stellvertreterin gew\u00e4hlt.<\/span><br \/>\n<span style=\"font-size: 14px; font-family: verdana,geneva,sans-serif;\"> Mittlerweile sind ca. 80 ehrenamtliche Helfer f\u00fcr die Tafel t\u00e4tig.<\/span><br \/>\n<span style=\"font-size: 14px; font-family: verdana,geneva,sans-serif;\"> <strong><br \/>\n2010<\/strong><\/span><br \/>\n<span style=\"font-size: 14px; font-family: verdana,geneva,sans-serif;\"> In 2010 wurde ein weiteres kleineres Fahrzeug angeschafft.<\/span><br \/>\n<span style=\"font-size: 14px; font-family: verdana,geneva,sans-serif;\"> In der Gartenstrasse wurden bauliche Ma\u00dfnahmen durchgef\u00fchrt, um die Lebensmittel trocken entladen zu k\u00f6nnen. Ein Holzhaus wurde f\u00fcr die G\u00e4ste errichtet um in der Wartezeit vor der Lebensmittelausgabe Witterungsschutz bieten zu k\u00f6nnen.<\/span><br \/>\n<span style=\"font-size: 14px; font-family: verdana,geneva,sans-serif;\"> <strong><br \/>\n2011<\/strong><\/span><br \/>\n<span style=\"font-size: 14px; font-family: verdana,geneva,sans-serif;\"> Im Sommer 2011 wurde mit Hilfe der Lidl Pfandspende eine Tiefk\u00fchlzelle in einer Garage in der Ringstra\u00dfe \/ DRK eingebaut.<\/span><br \/>\n<span style=\"font-size: 14px; font-family: verdana,geneva,sans-serif;\"> <strong><br \/>\n2012<\/strong><\/span><br \/>\n<span style=\"font-size: 14px; font-family: verdana,geneva,sans-serif;\"> Anfang 2012 wurde ein weiteres K\u00fchlfahrzeug angeschafft (durch Spenden finanziert mit Hilfe von LIONs-Club Lehrte, Stiftunglife, Lidl Pfandspende, Volksbank-VR-Stiftung).<\/span><br \/>\n<span style=\"font-size: 14px; font-family: verdana,geneva,sans-serif;\"> Ab September wurde bedingt durch die angewachsene Zahl der berechtigten Familien ein weiterer Ausgabetag notwendig, der Dienstagnachmittag f\u00fcr Familien ab 5 Personen. Die Anzahl der Familien an den anderen beiden Tagen war zu gro\u00df und damit auch zu belastend f\u00fcr die Helfer und Helferinnen geworden. Auch das Volumen der gespendeten Lebensmittel verlagerte sich mehr auf den Wochenanfang. Somit kann die Ware besser verteilt werden, so wie sie bei den Spendern anf\u00e4llt, bzw. abgegeben wird.<\/span><br \/>\n<span style=\"font-family: verdana,geneva,sans-serif; font-size: 14px;\"> <strong><br \/>\n2013<br \/>\n<\/strong>Ab Sommer 2013 konnten wir uns r\u00e4umlich verbessern. Die Stadt Lehrte \u00fcberlie\u00df uns mietfrei auch die andere H\u00e4lfte des bisher genutzten Geb\u00e4udes in der Gartenstrasse. Die gesamten Energie &#8211; und anderen Nebenkosten (ca. 4000\u20ac) hat die Lehrter Tafel zu tragen Wir haben nun statt bisher etwa 75 m\u00b2, ca. 160 m\u00b2 Fl\u00e4che zur Nutzung im gesamten Geb\u00e4ude &#8211; Gartenstrasse 6A\/B.<\/span><br \/>\n<span style=\"font-size: 14px; font-family: verdana,geneva,sans-serif;\"> <strong><br \/>\n2014<\/strong><\/span><br \/>\n<span style=\"font-size: 14px; font-family: verdana,geneva,sans-serif;\"> Im Jahr 2014 kristallisierte sich heraus, dass die Lehrter Tafel immer gr\u00f6\u00dfer und umfangreicher wurde, wir beschlossen gemeinsam mit dem Vorstand des DRK Ortsverein Lehrte e.V. die Lehrter Tafel aus der Tr\u00e4gerschaft des DRK zu entlassen und einen eigenst\u00e4ndigen Verein zu gr\u00fcnden.<\/span><br \/>\n<span style=\"font-size: 14px; font-family: verdana,geneva,sans-serif;\"> Am 21.08.2014 gr\u00fcndete sich in den R\u00e4umen des DRK Ortsverein Lehrte e.V. der neue Verein &#8222;Lehrter Tafel e.V.&#8220;.<\/span><br \/>\n<span style=\"font-size: 14px; font-family: verdana,geneva,sans-serif;\"> <strong><br \/>\n2015<\/strong><\/span><br \/>\n<span style=\"font-size: 14px; font-family: verdana,geneva,sans-serif;\"> Nach der Eintragung in das Vereinsregister beim Amtsgericht Hildesheim und der anschlie\u00dfenden Anerkennung der Gemeinn\u00fctzigkeit nahm die Lehrter Tafel e.V. am 01.01.2015 ihren offiziellen Betrieb auf.<\/span><\/p>\n<p><span style=\"font-size: 14px; font-family: verdana,geneva,sans-serif;\"><strong>2016<\/strong><\/span><\/p>\n<p><span style=\"font-size: 14px; font-family: verdana,geneva,sans-serif;\">Heute im 9. Jahr der Lehrter Tafel e.V. in Lehrte versorgen wir etwa 400 Familien mit den Lebensmitteln die wir regelm\u00e4\u00dfig von ca. 40 Sponsoren abholen.<\/span><br \/>\n<span style=\"font-size: 14px; font-family: verdana,geneva,sans-serif;\"> Logistische Fahrten zur Versorgung der Lehrter Tafel werden an 6 Tagen \/ Woche durchgef\u00fchrt, von Montag bis Samstag.<\/span><br \/>\n<span style=\"font-size: 14px; font-family: verdana,geneva,sans-serif;\"> Alle Lebensmittelm\u00e4rkte des gesamten Lehrter Stadtgebietes von Ahlten bis H\u00e4melerwald der Firmen Aldi, E-Center Cramer, Edeka, REWE, Penny, Lidl, sowie im Besonderen\u00a0Sch\u00e4fer `s Brot und Kuchen sind regelm\u00e4\u00dfige Sponsoren der Lehrter Tafel. Mehrere dieser M\u00e4rkte werden bis zu 6 x die Woche angefahren.<\/span><br \/>\n<span style=\"font-size: 14px; font-family: verdana,geneva,sans-serif;\"> Unterst\u00fctzt werden wir auch von den Drogeriem\u00e4rkten Rossmann und DM in Lehrte.<\/span><br \/>\n<span style=\"font-size: 14px; font-family: verdana,geneva,sans-serif;\"> Weiterhin sind als Spender zu nennen die Firmen Parlasca Burgdorf, REWE Zentrallager H\u00e4melerwald, Penny Zentrallager H\u00e4melerwald, Rossmann Zentrallager Burgwedel, Landwirt Buchholz aus Otze, Subway Lehrte, Alka-PBS Ahlten, Rausch Peine.<\/span><br \/>\n<span style=\"font-size: 14px; font-family: verdana,geneva,sans-serif;\"> Wir bekommen Waren von Sponsoren benachbarter Tafeln, Zuteilungen \u00fcber den Landesverband der Tafeln, \u00fcber einen Tafel Logistik Verbund bis zu einer Entfernung von 120 km.<\/span><br \/>\n<span style=\"font-size: 14px; font-family: verdana,geneva,sans-serif;\"> In Abstimmung mit unseren Tafel Nachbarn fahren wir auch am Wochenanfang Sehnde und Burgdorfer Lebensmittel-M\u00e4rkte an, am Wochenende Hannoversche M\u00e4rkte in Kleefeld, Anderten, Misburg, Bemerode und D\u00f6hren.<\/span><br \/>\n<span style=\"font-size: 14px; font-family: verdana,geneva,sans-serif;\"> Wir haben partnerschaftliche Kontakte zu vielen Nachbartafeln wie Burgdorf, Burgwedel, Hannover, Langenhagen, Wunstorf und B\u00fcckeburg. Nat\u00fcrlich helfen wir auch z.B. unseren kleineren Nachbartafeln in Sehnde und Uetze, wenn wir abgeben k\u00f6nnen, oder bei der Logistik behilflich sein k\u00f6nnen.<\/span><br \/>\n<span style=\"font-size: 14px; font-family: verdana,geneva,sans-serif;\"> Weiterhin bekommen wir regelm\u00e4\u00dfig auch finanzielle Spenden, die wir auch dringend ben\u00f6tigen, um die laufenden Kosten des beschriebenen Betriebes der Lehrter Tafel zu decken.<\/span><\/p>\n<p><span style=\"font-size: 14px; font-family: verdana,geneva,sans-serif;\"><strong>Die Lehrter Tafel e.V. finanziert sich nur durch Spenden und organisiert sich ausschlie\u00dflich durch ehrenamtliche &#8211; unentgeltliche T\u00e4tigkeit \u00fcberwiegend \u00e4lterer Helferinnen und Helfer<\/strong><\/span><\/p>\n<p><span style=\"font-size: 14px; font-family: verdana,geneva,sans-serif;\">\u00a0<\/span><\/p>\n<p><span style=\"font-size: 14px; font-family: verdana,geneva,sans-serif;\"><strong>Der Vorstand der Lehrter Tafel e.V.:<\/strong><\/span><\/p>\n<ol>\n<li><span style=\"font-size: 14px; font-family: verdana,geneva,sans-serif;\">Vorsitzender:\u00a0 Hans-Gerhard Sch\u00f6lzel<\/span><br \/>\n<span style=\"font-size: 14px; font-family: verdana,geneva,sans-serif;\"> 2. Vorsitzende: \u00a0 Marion Gla\u00df<\/span><\/li>\n<\/ol>\n<p><span style=\"font-size: 14px; font-family: verdana,geneva,sans-serif;\">Schatzmeister:\u00a0\u00a0 Wilfried Hartmann<\/span><br \/>\n<span style=\"font-size: 14px; font-family: verdana,geneva,sans-serif;\"> Schriftf\u00fchrer: \u00a0 \u00a0\u00a0 Christian Baumann<\/span><br \/>\n<span style=\"font-size: 14px; font-family: verdana,geneva,sans-serif;\"> Kassiererin: \u00a0\u00a0\u00a0\u00a0\u00a0\u00a0 Dorothea Grote<\/span><\/p>\n<p><span style=\"font-size: 14px; font-family: verdana,geneva,sans-serif;\">Aus diesem Vorstand heraus wurden <strong>Marion Gla\u00df<\/strong> und <strong>Hans-Gerhard Sch\u00f6lzel<\/strong> als Tafelleiter gew\u00e4hlt:<\/span><\/p>\n<p><strong>2017<\/strong><\/p>\n<p>Heute im 10. Jahr der Lehrter Tafel e.V. in Lehrte versorgen wir etwa 360 Familien (1.100 Personen) mit den Lebensmitteln die wir regelm\u00e4\u00dfig von ca. 40 Sponsoren abholen.<br \/>\nLogistische Fahrten zur Versorgung der Lehrter Tafel werden an 6 Tagen \/ Woche durchgef\u00fchrt, von Montag bis Samstag.<br \/>\nAlle Lebensmittelm\u00e4rkte des gesamten Lehrter Stadtgebietes von Ahlten bis H\u00e4melerwald der Firmen Aldi, E-Center Cramer, Edeka, REWE, Penny, Lidl, \u00a0sind regelm\u00e4\u00dfige Sponsoren der Lehrter Tafel. Mehrere dieser M\u00e4rkte werden bis zu 6 x die Woche angefahren.<br \/>\nUnterst\u00fctzt werden wir auch von den Drogeriem\u00e4rkten Rossmann und DM in Lehrte.<br \/>\nWeiterhin sind als Spender zu nennen die Firmen Parlasca Burgdorf, REWE Zentrallager H\u00e4melerwald, Penny Zentrallager H\u00e4melerwald, Rossmann Zentrallager Burgwedel, Subway Lehrte, Alka-PBS Ahlten, Eierhof Bartels Bilm, N\u00f6hrenhof Lehrte, Landwirt Rohde Kolshorn,<br \/>\nWir bekommen Waren von Sponsoren benachbarter Tafeln, Zuteilungen \u00fcber den Landesverband der Tafeln, \u00fcber einen Tafel Logistik Verbund bis zu einer Entfernung von 160 km.<br \/>\nIn Abstimmung mit unseren Tafelnachbarn fahren wir auch am Wochenanfang Sehnder und Burgdorfer Lebensmittel-M\u00e4rkte an, am Wochenende Hannoversche M\u00e4rkte in Kleefeld, Anderten, Misburg, Bemerode und D\u00f6hren.<\/p>\n<p>Wir haben partnerschaftliche Kontakte zu vielen Nachbartafeln wie Langenhagen, B\u00fcckeburg und Burgwedel.\u00a0 Nat\u00fcrlich helfen wir auch z.B. unseren kleineren Nachbartafeln in Sehnde und Uetze, wenn wir abgeben k\u00f6nnen, oder bei der Logistik behilflich sein k\u00f6nnen. Wir unterst\u00fctzen Lehrter Organisationen wie den Kinderschutzbund, die Drobel und die Bahnhofsmission wenn wir gen\u00fcgend Waren im \u00dcberhang haben.\u00a0 Weiterhin bekommen wir regelm\u00e4\u00dfig auch finanzielle Spenden, die wir auch dringend ben\u00f6tigen, um die laufenden Kosten des beschriebenen Betriebes der Lehrter Tafel zu decken.<strong>\u00a0<\/strong><\/p>\n<p><strong>Die Lehrter Tafel e.V. finanziert sich nur durch Spenden und organisiert sich ausschlie\u00dflich durch ehrenamtliche \u2013 unentgeltliche T\u00e4tigkeit \u00fcberwiegend \u00e4lterer Helferinnen und Helfer<\/strong><\/p>\n<p><strong>Der Vorstand der Lehrter Tafel e.V.:<\/strong><\/p>\n<ol>\n<li>Vorsitzender:\u00a0 Hans-Gerhard Sch\u00f6lzel<br \/>\n2. Vorsitzende: \u00a0 Marion Gla\u00df<\/li>\n<\/ol>\n<p>Schatzmeister:\u00a0\u00a0 Wilfried Hartmann<br \/>\nSchriftf\u00fchrer: \u00a0 \u00a0\u00a0 Christian Baumann<br \/>\nKassiererin: \u00a0\u00a0\u00a0\u00a0\u00a0\u00a0 Dorothea Grote<\/p>\n<p>Aus diesem Vorstand heraus wurde <strong>Marion Gla\u00df<\/strong> als Tafelleiterin gew\u00e4hlt:<\/p>\n","protected":false},"excerpt":{"rendered":"<p>Historie 2006 bis 2018 2006 Die Initiative zur Gr\u00fcndung einer Tafel ging von Herrn Wilhelm Nieschlag aus, der im Jahre 2006 erste Gespr\u00e4che mit dem 1. Stadtrat der Stadt Lehrte, Herrn Bee f\u00fchrte und von diesem auch intensiv unterst\u00fctzt wurde. Das Deutsche Rote Kreuz, Ortsverein Lehrte e.V. \u00fcbernahm die Tr\u00e4gerschaft der Lehrter Tafel, es brauchte [&hellip;]<\/p>\n","protected":false},"author":2,"featured_media":0,"parent":12,"menu_order":50,"comment_status":"closed","ping_status":"closed","template":"","meta":{"rop_custom_images_group":[],"rop_custom_messages_group":[],"rop_publish_now":"initial","rop_publish_now_accounts":[],"rop_publish_now_history":[],"rop_publish_now_status":"pending","footnotes":""},"class_list":["post-172","page","type-page","status-publish","hentry"],"wppr_data":{"cwp_meta_box_check":"Yes","_wppr_review_template":"default","cwp_rev_product_image":"","cwp_image_link":"image","wppr_links":[],"cwp_rev_price":"0.00","wppr_pros":["","","","",""],"wppr_cons":["","","","",""],"wppr_rating":"0.00","wppr_options":[]},"_links":{"self":[{"href":"https:\/\/www.lehrter-tafel.de\/wordpress\/wp-json\/wp\/v2\/pages\/172","targetHints":{"allow":["GET"]}}],"collection":[{"href":"https:\/\/www.lehrter-tafel.de\/wordpress\/wp-json\/wp\/v2\/pages"}],"about":[{"href":"https:\/\/www.lehrter-tafel.de\/wordpress\/wp-json\/wp\/v2\/types\/page"}],"author":[{"embeddable":true,"href":"https:\/\/www.lehrter-tafel.de\/wordpress\/wp-json\/wp\/v2\/users\/2"}],"replies":[{"embeddable":true,"href":"https:\/\/www.lehrter-tafel.de\/wordpress\/wp-json\/wp\/v2\/comments?post=172"}],"version-history":[{"count":30,"href":"https:\/\/www.lehrter-tafel.de\/wordpress\/wp-json\/wp\/v2\/pages\/172\/revisions"}],"predecessor-version":[{"id":1396,"href":"https:\/\/www.lehrter-tafel.de\/wordpress\/wp-json\/wp\/v2\/pages\/172\/revisions\/1396"}],"up":[{"embeddable":true,"href":"https:\/\/www.lehrter-tafel.de\/wordpress\/wp-json\/wp\/v2\/pages\/12"}],"wp:attachment":[{"href":"https:\/\/www.lehrter-tafel.de\/wordpress\/wp-json\/wp\/v2\/media?parent=172"}],"curies":[{"name":"wp","href":"https:\/\/api.w.org\/{rel}","templated":true}]}}