{"id":12,"date":"2015-07-30T10:39:43","date_gmt":"2015-07-30T10:39:43","guid":{"rendered":"http:\/\/www.lehrter-tafel.de\/wordpress\/?page_id=12"},"modified":"2026-02-24T17:14:04","modified_gmt":"2026-02-24T17:14:04","slug":"ueber-uns","status":"publish","type":"page","link":"https:\/\/www.lehrter-tafel.de\/wordpress\/ueber-uns\/","title":{"rendered":"\u00dcber uns"},"content":{"rendered":"<div id=\"fb-root\"><\/div>\n<p><a href=\"https:\/\/www.lehrter-tafel.de\/wordpress\/wp-content\/uploads\/2015\/07\/Unbenannt.jpg\"><img loading=\"lazy\" decoding=\"async\" class=\"alignright wp-image-113 size-full\" src=\"https:\/\/www.lehrter-tafel.de\/wordpress\/wp-content\/uploads\/2015\/07\/Unbenannt.jpg\" alt=\"Unbenannt\" width=\"446\" height=\"542\" srcset=\"https:\/\/www.lehrter-tafel.de\/wordpress\/wp-content\/uploads\/2015\/07\/Unbenannt.jpg 446w, https:\/\/www.lehrter-tafel.de\/wordpress\/wp-content\/uploads\/2015\/07\/Unbenannt-247x300.jpg 247w\" sizes=\"auto, (max-width: 446px) 100vw, 446px\" \/><\/a><\/p>\n<\/p>\n\n\n<p><strong>\u00dcber uns<\/strong><\/p>\n<p>Die Lehrter Tafel e.V., versorgt seit 2007 Bed\u00fcrftige mit Lebensmitteln. Rund 100 Ehrenamtliche geben zweimal die Woche Lebensmittel an ann\u00e4hernd 350 angemeldete Familien aus und k\u00fcmmern sich um das Wohl der G\u00e4ste in den Gesch\u00e4ftsr\u00e4umen der Tafel in der Gartenstra\u00dfe 6a\/6b.<\/p>\n<p>F\u00fcr die Ausgabe werden die Waren in Lebensmittelgesch\u00e4ften und B\u00e4ckereien morgens abgeholt, sortiert und anschlie\u00dfend im Pavillon an der Gartenstra\u00dfe 6a\/6b ausgegeben.<\/p>\n<p><strong>Wann?:<\/strong> Die Lebensmittelausgabe findet\u00a0 mittwochs und samstags ab 12.00\u00a0\u2013 14.00 Uhr\u00a0statt.<\/p>\n<p><strong>Wo?:<\/strong> Lehrte, Gartenstr. 6a\/6b \u2013 Pavillon<\/p>\n<p><strong>Wer?:<\/strong> Berechtigt sind Empf\u00e4nger von Arbeitslosengeld II, Asylleistungen, Grundsicherung, Sozialhilfe oder Wohngeld, Kinderzuschlag oder Baf\u00f6g.<\/p>\n<p>Notwendige Nachweise: Personalausweis\/Pass, Bewilligungsbescheid einer Beh\u00f6rde<\/p>\n<p><strong>Die Registrierung neuer G\u00e4ste findet jeden\u00a0 Dienstag von 11.00 &#8211; 13.00 Uhr in der Gartenstra\u00dfe 6a\/6b statt.<\/strong><\/p>\n<p><strong>B\u00fcrodienst Lehrter Tafel<\/strong><strong><br \/>nur an\u00a0Ausgabetagen<\/strong><\/p>\n<p>Telefon: 05132 \/ 8309896<br \/>oder Mobil:<br \/>Marion Gla\u00df (2. Vorsitzende): 0157-86771721<br \/>Frank Wersebe (1. Vorsitzender): 0172-8666327<br \/>E-Mail: <a href=\"mailto:Lehrter-Tafel@ov-lehrte.drk.de\">Lehrter-Tafel@gmx.de<\/a><\/p>\n<p><strong>F\u00fcr Spender \/ F\u00f6rderer:<\/strong><\/p>\n<p>unser Spendenkonto:<br \/>Volksbank eG<br \/>IBAN DE39 \u00a02519 3331 7105 4421 00<br \/>BIC GENODEF1PAT<\/p>\n<p>\u00a0<\/p>\n","protected":false},"excerpt":{"rendered":"<p>\u00dcber uns Die Lehrter Tafel e.V., versorgt seit 2007 Bed\u00fcrftige mit Lebensmitteln. Rund 100 Ehrenamtliche geben zweimal die Woche Lebensmittel an ann\u00e4hernd 350 angemeldete Familien aus und k\u00fcmmern sich um das Wohl der G\u00e4ste in den Gesch\u00e4ftsr\u00e4umen der Tafel in der Gartenstra\u00dfe 6a\/6b. F\u00fcr die Ausgabe werden die Waren in Lebensmittelgesch\u00e4ften und B\u00e4ckereien morgens abgeholt, [&hellip;]<\/p>\n","protected":false},"author":2,"featured_media":0,"parent":0,"menu_order":0,"comment_status":"closed","ping_status":"closed","template":"","meta":{"rop_custom_images_group":[],"rop_custom_messages_group":[],"rop_publish_now":"initial","rop_publish_now_accounts":[],"rop_publish_now_history":[],"rop_publish_now_status":"pending","footnotes":""},"class_list":["post-12","page","type-page","status-publish","hentry"],"wppr_data":{"cwp_meta_box_check":"No","cwp_rev_product_name":"","cwp_rev_product_image":"","cwp_image_link":"image","cwp_rev_price":""},"_links":{"self":[{"href":"https:\/\/www.lehrter-tafel.de\/wordpress\/wp-json\/wp\/v2\/pages\/12","targetHints":{"allow":["GET"]}}],"collection":[{"href":"https:\/\/www.lehrter-tafel.de\/wordpress\/wp-json\/wp\/v2\/pages"}],"about":[{"href":"https:\/\/www.lehrter-tafel.de\/wordpress\/wp-json\/wp\/v2\/types\/page"}],"author":[{"embeddable":true,"href":"https:\/\/www.lehrter-tafel.de\/wordpress\/wp-json\/wp\/v2\/users\/2"}],"replies":[{"embeddable":true,"href":"https:\/\/www.lehrter-tafel.de\/wordpress\/wp-json\/wp\/v2\/comments?post=12"}],"version-history":[{"count":15,"href":"https:\/\/www.lehrter-tafel.de\/wordpress\/wp-json\/wp\/v2\/pages\/12\/revisions"}],"predecessor-version":[{"id":1883,"href":"https:\/\/www.lehrter-tafel.de\/wordpress\/wp-json\/wp\/v2\/pages\/12\/revisions\/1883"}],"wp:attachment":[{"href":"https:\/\/www.lehrter-tafel.de\/wordpress\/wp-json\/wp\/v2\/media?parent=12"}],"curies":[{"name":"wp","href":"https:\/\/api.w.org\/{rel}","templated":true}]}}