{"id":107,"date":"2015-08-11T13:05:41","date_gmt":"2015-08-11T13:05:41","guid":{"rendered":"http:\/\/www.lehrter-tafel.de\/wordpress\/?page_id=107"},"modified":"2015-09-18T15:00:50","modified_gmt":"2015-09-18T15:00:50","slug":"foerdermitgliedsschaft","status":"publish","type":"page","link":"https:\/\/www.lehrter-tafel.de\/wordpress\/goenner-und-foerderer\/foerdermitgliedsschaft\/","title":{"rendered":"F\u00f6rdermitgliedschaft"},"content":{"rendered":"<div id=\"fb-root\"><\/div>\n<p data-canvas-width=\"23.582104756511896\"><strong><span style=\"font-size: 20px; font-family: verdana,geneva,sans-serif;\">F\u00f6rdermitgliedschaft<\/span><\/strong><\/p>\n<p data-canvas-width=\"23.582104756511896\"><span style=\"font-size: 14px; font-family: verdana,geneva,sans-serif;\">Die Lehrter Tafel finanziert sich ausschlie\u00dflich durch <b>Spenden<\/b>. Eine gro\u00dfe Anzahl von Privatpersonen, Vereinen, Stiftungen und Firmen aus Lehrte und Umgebung unterst\u00fctzt uns bereits mit Geld- oder Sachspenden. Nur dadurch wird die Arbeit der Lehrter Tafel e.V. erst m\u00f6glich.<\/span><\/p>\n<p><span style=\"font-size: 14px; font-family: verdana,geneva,sans-serif;\">Wenn auch <strong>Sie<\/strong> uns dabei unterst\u00fctzen wollen &#8211; herzlich willkommen!<\/span><\/p>\n<p><span style=\"font-size: 14px; font-family: verdana,geneva,sans-serif;\">Als <strong>f\u00f6rderndes Mitglied<\/strong> zum Beispiel k\u00f6nnen Sie schon ab 24\u20ac im Jahr unmittelbar denen helfen, die unsere Hilfe so dringend ben\u00f6tigen. Drucken Sie dazu einfach diese: <a href=\"https:\/\/www.lehrter-tafel.de\/wordpress\/wp-content\/uploads\/2015\/08\/Beitrittserkl\u00e4rung-f\u00f6rdernder-Mitglieder.pdf\" target=\"_blank\">Beitrittserkl\u00e4rung<\/a> aus und schicken sie ausgef\u00fcllt und unterschrieben an die Lehrter Tafel zur\u00fcck.<\/span><\/p>\n<p><span style=\"font-size: 14px; font-family: verdana,geneva,sans-serif;\">Gern stellen wir Ihnen f\u00fcr Geld- und Sachspenden eine steuerlich wirksame Spendenbescheinigung aus.<\/span><\/p>\n","protected":false},"excerpt":{"rendered":"<p>F\u00f6rdermitgliedschaft Die Lehrter Tafel finanziert sich ausschlie\u00dflich durch Spenden. Eine gro\u00dfe Anzahl von Privatpersonen, Vereinen, Stiftungen und Firmen aus Lehrte und Umgebung unterst\u00fctzt uns bereits mit Geld- oder Sachspenden. Nur dadurch wird die Arbeit der Lehrter Tafel e.V. erst m\u00f6glich. Wenn auch Sie uns dabei unterst\u00fctzen wollen &#8211; herzlich willkommen! Als f\u00f6rderndes Mitglied zum Beispiel [&hellip;]<\/p>\n","protected":false},"author":2,"featured_media":0,"parent":203,"menu_order":0,"comment_status":"closed","ping_status":"closed","template":"","meta":{"rop_custom_images_group":[],"rop_custom_messages_group":[],"rop_publish_now":"initial","rop_publish_now_accounts":[],"rop_publish_now_history":[],"rop_publish_now_status":"pending","footnotes":""},"class_list":["post-107","page","type-page","status-publish","hentry"],"wppr_data":[],"_links":{"self":[{"href":"https:\/\/www.lehrter-tafel.de\/wordpress\/wp-json\/wp\/v2\/pages\/107","targetHints":{"allow":["GET"]}}],"collection":[{"href":"https:\/\/www.lehrter-tafel.de\/wordpress\/wp-json\/wp\/v2\/pages"}],"about":[{"href":"https:\/\/www.lehrter-tafel.de\/wordpress\/wp-json\/wp\/v2\/types\/page"}],"author":[{"embeddable":true,"href":"https:\/\/www.lehrter-tafel.de\/wordpress\/wp-json\/wp\/v2\/users\/2"}],"replies":[{"embeddable":true,"href":"https:\/\/www.lehrter-tafel.de\/wordpress\/wp-json\/wp\/v2\/comments?post=107"}],"version-history":[{"count":39,"href":"https:\/\/www.lehrter-tafel.de\/wordpress\/wp-json\/wp\/v2\/pages\/107\/revisions"}],"predecessor-version":[{"id":730,"href":"https:\/\/www.lehrter-tafel.de\/wordpress\/wp-json\/wp\/v2\/pages\/107\/revisions\/730"}],"up":[{"embeddable":true,"href":"https:\/\/www.lehrter-tafel.de\/wordpress\/wp-json\/wp\/v2\/pages\/203"}],"wp:attachment":[{"href":"https:\/\/www.lehrter-tafel.de\/wordpress\/wp-json\/wp\/v2\/media?parent=107"}],"curies":[{"name":"wp","href":"https:\/\/api.w.org\/{rel}","templated":true}]}}